{"id":168,"date":"2021-01-17T15:21:19","date_gmt":"2021-01-17T15:21:19","guid":{"rendered":"https:\/\/tiliapark.hu\/?page_id=168"},"modified":"2023-11-18T16:01:53","modified_gmt":"2023-11-18T16:01:53","slug":"kapcsolat","status":"publish","type":"page","link":"https:\/\/tiliapark.hu\/?page_id=168","title":{"rendered":"Kapcsolat"},"content":{"rendered":"<div data-colibri-id=\"168-c1\" class=\"style-811 style-local-168-c1 position-relative\">\n  <!---->\n  <div data-colibri-component=\"section\" data-colibri-id=\"168-c2\" id=\"reusable-sections\" class=\"h-section h-section-global-spacing d-flex align-items-lg-center align-items-md-center align-items-center style-1329 style-local-168-c2 position-relative\">\n    <div class=\"background-wrapper\">\n      <div class=\"background-layer background-layer-media-container-lg\">\n        <!---->\n        <div class=\"overlay-layer\">\n          <div class=\"overlay-image-layer\" style=\"background-color: rgb(0, 0, 0); opacity: 0.65;\"><\/div>\n        <\/div>\n      <\/div>\n      <div class=\"background-layer background-layer-media-container-md\">\n        <!---->\n        <div class=\"overlay-layer\">\n          <div class=\"overlay-image-layer\" style=\"background-color: rgb(0, 0, 0); opacity: 0.65;\"><\/div>\n        <\/div>\n      <\/div>\n      <div class=\"background-layer background-layer-media-container\">\n        <!---->\n        <div class=\"overlay-layer\">\n          <div class=\"overlay-image-layer\" style=\"background-color: rgb(0, 0, 0); opacity: 0.65;\"><\/div>\n        <\/div>\n      <\/div>\n    <\/div>\n    <div class=\"h-separator\" style=\"height: 54px; top: calc(-1px);\">\n      <svg style=\"fill:rgb(57, 79, 38);\" xmlns=\"http:\/\/www.w3.org\/2000\/svg\" viewBox=\"0 0 1920 9.82\" preserveAspectRatio=\"xMidYMax slice\">\n        <path d=\"M0,.1V5.2H.3A306.66,306.66,0,0,0,56.9,9.8h.2c28.3,0,42.7-2.3,56.6-4.6s28-4.5,56-4.5h3.7a347.74,347.74,0,0,1,39.5,2.6c4.5.6,8.7,1.3,12.8,1.9l2,.3c3.1.6,6.5,1.1,10.1,1.5,11,1.5,24.2,2.7,44.7,2.7H284a318.74,318.74,0,0,0,55.2-4.5C353,3,367.3.7,395.3.7S437.6,3,451.4,5.2c14.2,2.3,28.6,4.6,56.9,4.6h.2c28.3,0,42.7-2.3,56.6-4.6S593.2.7,621.2.7h12.1a14.77,14.77,0,0,1,2.1.1h.1a291.82,291.82,0,0,1,41.7,4.3c13.9,2.3,28.4,4.6,56.6,4.6h.2c28.4,0,42.8-2.3,56.6-4.6S818.7.6,846.7.6,889,2.9,902.8,5.1A317.37,317.37,0,0,0,957,9.8h3.1c28.3,0,42.7-2.3,56.6-4.6S1044.8.7,1072.8.7h1.8a339.45,339.45,0,0,1,45.1,3.1c3.2.5,6.2.9,9.2,1.4,13.9,2.2,28.4,4.6,56.7,4.6h.1c28.4,0,42.8-2.3,56.6-4.6S1270.4.7,1298.4.7s42.3,2.3,56.1,4.5a309.52,309.52,0,0,0,56.8,4.6h.1c28.4,0,42.8-2.3,56.6-4.6s28-4.5,56-4.5h3.7a349.49,349.49,0,0,1,39.6,2.6c4.5.6,8.7,1.3,12.8,1.9l2,.3c3.1.6,6.5,1.1,10.1,1.5,11,1.5,24.2,2.7,44.7,2.7h1.5a318.74,318.74,0,0,0,55.2-4.5C1707.4,3,1721.7.7,1749.7.7S1792,3,1805.8,5.2c14.3,2.3,28.7,4.6,57,4.6h.2c28.3,0,42.7-2.3,56.6-4.6a.6.6,0,0,0,.4-.1V0Z\"><\/path>\n      <\/svg>\n    <\/div>\n    <div class=\"h-section-grid-container h-section-boxed-container\">\n      <!---->\n      <div data-colibri-id=\"168-c3\" class=\"h-row-container gutters-row-lg-2 gutters-row-md-2 gutters-row-0 gutters-row-v-lg-2 gutters-row-v-md-2 gutters-row-v-2 style-1330 style-local-168-c3 position-relative\">\n        <!---->\n        <div class=\"h-row justify-content-lg-center justify-content-md-center justify-content-center align-items-lg-stretch align-items-md-stretch align-items-stretch gutters-col-lg-2 gutters-col-md-2 gutters-col-0 gutters-col-v-lg-2 gutters-col-v-md-2 gutters-col-v-2\">\n          <!---->\n          <div class=\"h-column h-column-container d-flex h-col-lg-6 h-col-md-6 h-col-12 style-1331-outer style-local-168-c4-outer\">\n            <div data-colibri-id=\"168-c4\" class=\"d-flex h-flex-basis h-column__inner h-px-lg-2 h-px-md-2 h-px-2 v-inner-lg-2 v-inner-md-2 v-inner-2 style-1331 style-local-168-c4 position-relative\">\n              <!---->\n              <!---->\n              <div class=\"w-100 h-y-container h-column__content h-column__v-align flex-basis-100 align-self-lg-start align-self-md-start align-self-start\">\n                <!---->\n                <div data-colibri-id=\"168-c5\" class=\"h-global-transition-all h-heading style-1332 style-local-168-c5 position-relative h-element\">\n                  <!---->\n                  <div class=\"h-heading__outer style-1332 style-local-168-c5\">\n                    <!---->\n                    <!---->\n                    <h2 class=\"\">L\u00e9pjen kapcsolatba<\/h2>\n                  <\/div>\n                <\/div>\n              <\/div>\n            <\/div>\n          <\/div>\n        <\/div>\n      <\/div>\n      <div data-colibri-id=\"168-c6\" class=\"h-row-container gutters-row-lg-2 gutters-row-md-2 gutters-row-0 gutters-row-v-lg-2 gutters-row-v-md-2 gutters-row-v-2 style-1346 style-local-168-c6 position-relative\">\n        <!---->\n        <div class=\"h-row justify-content-lg-center justify-content-md-center justify-content-center align-items-lg-stretch align-items-md-stretch align-items-stretch gutters-col-lg-2 gutters-col-md-2 gutters-col-0 gutters-col-v-lg-2 gutters-col-v-md-2 gutters-col-v-2\">\n          <!---->\n          <div class=\"h-column h-column-container d-flex h-col-lg-auto h-col-md-auto h-col-auto style-1347-outer style-local-168-c7-outer\">\n            <div data-colibri-id=\"168-c7\" class=\"d-flex h-flex-basis h-column__inner h-px-lg-2 h-px-md-2 h-px-2 v-inner-lg-2 v-inner-md-2 v-inner-2 style-1347 style-local-168-c7 position-relative\">\n              <!---->\n              <!---->\n              <div class=\"w-100 h-y-container h-column__content h-column__v-align flex-basis-100 align-self-lg-start align-self-md-start align-self-start\">\n                <!---->\n                <div data-colibri-id=\"168-c8\" class=\"h-global-transition-all h-heading style-1333 style-local-168-c8 position-relative h-element\">\n                  <!---->\n                  <div class=\"h-heading__outer style-1333 style-local-168-c8\">\n                    <!---->\n                    <!---->\n                    <h4 class=\"\">Tev\u00e9kenys\u00e9geinket, elv\u00e9gzend\u0151 feladatokat orsz\u00e1gosan v\u00e9gz\u00fcnk \u00e9s v\u00e1llalunk.\n                      <br>\n                      <br>Amennyiben szem\u00e9lyesen szeretne tal\u00e1lkozni vel\u00fcnk azt Szigetszentmikl\u00f3son teheti meg.\n                      <br>\n                      <br>Keressen benn\u00fcnket az el\u00e9rhet\u0151s\u00e9geink valamelyik\u00e9n:<\/h4>\n                  <\/div>\n                <\/div>\n              <\/div>\n            <\/div>\n          <\/div>\n        <\/div>\n      <\/div>\n      <div data-colibri-id=\"168-c9\" class=\"h-row-container gutters-row-lg-2 gutters-row-md-2 gutters-row-0 gutters-row-v-lg-2 gutters-row-v-md-2 gutters-row-v-2 style-1334 style-local-168-c9 position-relative\">\n        <!---->\n        <div class=\"h-row justify-content-lg-center justify-content-md-center justify-content-center align-items-lg-stretch align-items-md-stretch align-items-stretch gutters-col-lg-2 gutters-col-md-2 gutters-col-0 gutters-col-v-lg-2 gutters-col-v-md-2 gutters-col-v-2\">\n          <!---->\n          <div class=\"h-column h-column-container d-flex h-col-lg-auto h-col-md-auto h-col-auto style-1336-outer style-local-168-c10-outer\">\n            <div data-colibri-id=\"168-c10\" class=\"d-flex h-flex-basis h-column__inner h-px-lg-2 h-px-md-2 h-px-2 v-inner-lg-2 v-inner-md-2 v-inner-2 style-1336 style-local-168-c10 position-relative\">\n              <!---->\n              <!---->\n              <div class=\"w-100 h-y-container h-column__content h-column__v-align flex-basis-100 align-self-lg-center align-self-md-center align-self-center\">\n                <!---->\n                <div data-colibri-id=\"168-c11\" class=\"h-row-container gutters-row-lg-1 gutters-row-md-1 gutters-row-0 gutters-row-v-lg-1 gutters-row-v-md-1 gutters-row-v-1 style-1337 style-local-168-c11 position-relative\">\n                  <!---->\n                  <div class=\"h-row justify-content-lg-center justify-content-md-center justify-content-center align-items-lg-stretch align-items-md-stretch align-items-stretch gutters-col-lg-1 gutters-col-md-1 gutters-col-0 gutters-col-v-lg-1 gutters-col-v-md-1 gutters-col-v-1\">\n                    <!---->\n                    <div class=\"h-column h-column-container d-flex h-col-lg-auto h-col-md-auto h-col-auto style-1338-outer style-local-168-c12-outer\">\n                      <div data-colibri-id=\"168-c12\" class=\"d-flex h-flex-basis h-column__inner h-px-lg-0 h-px-md-0 h-px-0 v-inner-lg-0 v-inner-md-0 v-inner-0 style-1338 style-local-168-c12 position-relative\">\n                        <!---->\n                        <!---->\n                        <div class=\"w-100 h-y-container h-column__content h-column__v-align flex-basis-auto align-self-lg-start align-self-md-start align-self-start\">\n                          <!---->\n                          <div data-colibri-id=\"168-c13\" class=\"h-icon style-1339 style-local-168-c13 position-relative h-element\">\n                            <!----><span class=\"h-svg-icon h-icon__icon style-1339-icon style-local-168-c13-icon\"><!--Icon by Icons8 Line Awesome (https:\/\/icons8.com\/line-awesome)--><svg version=\"1.1\" xmlns=\"http:\/\/www.w3.org\/2000\/svg\" xmlns:xlink=\"http:\/\/www.w3.org\/1999\/xlink\" id=\"phone\" viewBox=\"0 0 512 545.5\"><path d=\"M138.5 80c8.375 0 16.656 3.024 23.5 8.5l1 .5.5.5 64 66 1.5 1.5-.5.5c14.174 13.212 13.968 35.53.5 49l-32 32c4.92 11.277 18.33 40.02 44.5 65 26.358 25.16 53.932 39.467 65.5 45l31.5-31.5.5-.5c13.28-13.28 36.72-13.28 50 0l.5 1 65 65c13.28 13.28 13.28 36.22 0 49.5L405 481.5l-.5.5-.5.5c-15.01 12.867-36.04 17.486-55.5 11h-.5c-37.55-14.693-113.51-48.01-181.5-116C98.773 309.773 64.052 234.84 50.5 196c-.035-.1.034-.4 0-.5-6.703-18.434-1.915-39.738 13.5-54l-.5-.5 50-51.5.5-.5 1-.5c6.844-5.476 15.125-8.5 23.5-8.5zm0 32c-1.172 0-2.344.575-3.5 1.5L86.5 163l-.5.5-.5.5c-5.674 4.863-7.44 14.493-5 21 12.12 34.847 45.2 106.7 108.5 170 62.784 62.784 133.224 93.76 169.5 108 9.34 3.113 17.11 1.833 24.5-4.5l49-49c2.72-2.72 2.72-1.78 0-4.5l-65.5-65.5c-2.72-2.72-2.28-2.72-5 0l-40 40-7.5 7.5-10-4.5s-43.83-18.552-81-52.5l-3.5-3c-38.595-36.84-57-86-57-86l-3.5-10 7.5-7 40-40c1.966-1.966.874-3.6 1-3.5l-.5-.5-1-1-64-65.5c-1.156-.925-2.328-1.5-3.5-1.5z\"><\/path><\/svg><\/span><\/div>\n                        <\/div>\n                      <\/div>\n                    <\/div>\n                    <div class=\"h-column h-column-container d-flex h-col-lg h-col-md h-col-auto style-1340-outer style-local-168-c14-outer\">\n                      <div data-colibri-id=\"168-c14\" class=\"d-flex h-flex-basis h-column__inner h-px-lg-0 h-px-md-0 h-px-0 v-inner-lg-0 v-inner-md-0 v-inner-0 style-1340 style-local-168-c14 position-relative\">\n                        <!---->\n                        <!---->\n                        <div class=\"w-100 h-y-container h-column__content h-column__v-align flex-basis-100 align-self-lg-start align-self-md-start align-self-start\">\n                          <!---->\n                          <div data-colibri-id=\"168-c15\" class=\"h-global-transition-all h-heading style-1341 style-local-168-c15 position-relative h-element\">\n                            <!---->\n                            <div class=\"h-heading__outer style-1341 style-local-168-c15\">\n                              <!---->\n                              <!---->\n                              <h5 class=\"\">Telefon<\/h5>\n                            <\/div>\n                          <\/div>\n                          <div data-colibri-id=\"168-c16\" class=\"h-text h-text-component style-1342 style-local-168-c16 position-relative h-element\">\n                            <!---->\n                            <!---->\n                            <div class=\"\">\n                              <p>+36 70 317 5433<\/p>\n                            <\/div>\n                          <\/div>\n                        <\/div>\n                      <\/div>\n                    <\/div>\n                  <\/div>\n                <\/div>\n                <div data-colibri-id=\"168-c17\" class=\"h-row-container gutters-row-lg-1 gutters-row-md-1 gutters-row-0 gutters-row-v-lg-1 gutters-row-v-md-1 gutters-row-v-1 style-1337 style-local-168-c17 position-relative\">\n                  <!---->\n                  <div class=\"h-row justify-content-lg-center justify-content-md-center justify-content-center align-items-lg-stretch align-items-md-stretch align-items-stretch gutters-col-lg-1 gutters-col-md-1 gutters-col-0 gutters-col-v-lg-1 gutters-col-v-md-1 gutters-col-v-1\">\n                    <!---->\n                    <div class=\"h-column h-column-container d-flex h-col-lg-auto h-col-md-auto h-col-auto style-1338-outer style-local-168-c18-outer\">\n                      <div data-colibri-id=\"168-c18\" class=\"d-flex h-flex-basis h-column__inner h-px-lg-0 h-px-md-0 h-px-0 v-inner-lg-0 v-inner-md-0 v-inner-0 style-1338 style-local-168-c18 position-relative\">\n                        <!---->\n                        <!---->\n                        <div class=\"w-100 h-y-container h-column__content h-column__v-align flex-basis-auto align-self-lg-start align-self-md-start align-self-start\">\n                          <!---->\n                          <div data-colibri-id=\"168-c19\" class=\"h-icon style-1339 style-local-168-c19 position-relative h-element\">\n                            <!---->\n                            <a href=\"mailto:info@tiliapark.com\" h-use-smooth-scroll=\"true\"><span class=\"h-svg-icon h-icon__icon style-1339-icon style-local-168-c19-icon\"><!--Icon by Icons8 Line Awesome (https:\/\/icons8.com\/line-awesome)--><svg version=\"1.1\" xmlns=\"http:\/\/www.w3.org\/2000\/svg\" xmlns:xlink=\"http:\/\/www.w3.org\/1999\/xlink\" id=\"envelope\" viewBox=\"0 0 512 545.5\"><path d=\"M48 160h416v288H48V160zm69 32l139 92.5L395 192H117zm-37 14v210h352V206L265 317.5l-9 5.5-9-5.5z\"><\/path><\/svg><\/span><\/a>\n                          <\/div>\n                        <\/div>\n                      <\/div>\n                    <\/div>\n                    <div class=\"h-column h-column-container d-flex h-col-lg h-col-md h-col-auto style-1340-outer style-local-168-c20-outer\">\n                      <div data-colibri-id=\"168-c20\" class=\"d-flex h-flex-basis h-column__inner h-px-lg-0 h-px-md-0 h-px-0 v-inner-lg-0 v-inner-md-0 v-inner-0 style-1340 style-local-168-c20 position-relative\">\n                        <!---->\n                        <!---->\n                        <div class=\"w-100 h-y-container h-column__content h-column__v-align flex-basis-100 align-self-lg-start align-self-md-start align-self-start\">\n                          <!---->\n                          <div data-colibri-id=\"168-c21\" class=\"h-global-transition-all h-heading style-1341 style-local-168-c21 position-relative h-element\">\n                            <!---->\n                            <div class=\"h-heading__outer style-1341 style-local-168-c21\">\n                              <!---->\n                              <!---->\n                              <a href=\"mailto:info@tiliapark.com\" h-use-smooth-scroll=\"true\">\n                                <h5 class=\"\">Email<\/h5>\n                              <\/a>\n                            <\/div>\n                          <\/div>\n                          <div data-colibri-id=\"168-c22\" class=\"h-x-container style-1343 style-local-168-c22 position-relative h-element\">\n                            <!---->\n                            <div class=\"h-x-container-inner style-dynamic-168-c22-group style-1343-spacing style-local-168-c22-spacing\"><span class=\"h-link__outer style-1344-outer style-local-168-c23-outer d-inline-flex h-element\"><a h-use-smooth-scroll=\"true\" href=\"mailto:info@tiliapark.com\"  data-colibri-id=\"168-c23\" class=\"d-flex w-100 align-items-center h-link style-1344 style-local-168-c23 position-relative\"><!----><!----> <span>info@tiliapark.com<\/span><\/a>\n                              <\/span>\n                            <\/div>\n                          <\/div>\n                        <\/div>\n                      <\/div>\n                    <\/div>\n                  <\/div>\n                <\/div>\n                <div data-colibri-id=\"168-c24\" class=\"h-row-container gutters-row-lg-1 gutters-row-md-1 gutters-row-0 gutters-row-v-lg-1 gutters-row-v-md-1 gutters-row-v-1 style-1337 style-local-168-c24 position-relative\">\n                  <!---->\n                  <div class=\"h-row justify-content-lg-center justify-content-md-center justify-content-center align-items-lg-stretch align-items-md-stretch align-items-stretch gutters-col-lg-1 gutters-col-md-1 gutters-col-0 gutters-col-v-lg-1 gutters-col-v-md-1 gutters-col-v-1\">\n                    <!---->\n                    <div class=\"h-column h-column-container d-flex h-col-lg-auto h-col-md-auto h-col-auto style-1338-outer style-local-168-c25-outer\">\n                      <div data-colibri-id=\"168-c25\" class=\"d-flex h-flex-basis h-column__inner h-px-lg-0 h-px-md-0 h-px-0 v-inner-lg-0 v-inner-md-0 v-inner-0 style-1338 style-local-168-c25 position-relative\">\n                        <!---->\n                        <!---->\n                        <div class=\"w-100 h-y-container h-column__content h-column__v-align flex-basis-auto align-self-lg-start align-self-md-start align-self-start\">\n                          <!---->\n                          <div data-colibri-id=\"168-c26\" class=\"h-icon style-1339 style-local-168-c26 position-relative h-element\">\n                            <!---->\n                            <a href=\"https:\/\/www.facebook.com\/tiliapark\" h-use-smooth-scroll=\"true\"><span class=\"h-svg-icon h-icon__icon style-1339-icon style-local-168-c26-icon\"><!--Icon by Font Awesome (https:\/\/fontawesome.com)-->\n    <svg version=\"1.1\" xmlns=\"http:\/\/www.w3.org\/2000\/svg\" xmlns:xlink=\"http:\/\/www.w3.org\/1999\/xlink\" id=\"facebook-square\" viewBox=\"0 0 1536 1896.0833\">\n      <path d=\"M1248 128q119 0 203.5 84.5T1536 416v960q0 119-84.5 203.5T1248 1664h-188v-595h199l30-232h-229V689q0-56 23.5-84t91.5-28l122-1V369q-63-9-178-9-136 0-217.5 80T820 666v171H620v232h200v595H288q-119 0-203.5-84.5T0 1376V416q0-119 84.5-203.5T288 128h960z\"><\/path>\n    <\/svg><\/span><\/a>\n                          <\/div>\n                        <\/div>\n                      <\/div>\n                    <\/div>\n                    <div class=\"h-column h-column-container d-flex h-col-lg h-col-md h-col-auto style-1340-outer style-local-168-c27-outer\">\n                      <div data-colibri-id=\"168-c27\" class=\"d-flex h-flex-basis h-column__inner h-px-lg-0 h-px-md-0 h-px-0 v-inner-lg-0 v-inner-md-0 v-inner-0 style-1340 style-local-168-c27 position-relative\">\n                        <!---->\n                        <!---->\n                        <div class=\"w-100 h-y-container h-column__content h-column__v-align flex-basis-100 align-self-lg-start align-self-md-start align-self-start\">\n                          <!---->\n                          <div data-colibri-id=\"168-c28\" class=\"h-global-transition-all h-heading style-1341 style-local-168-c28 position-relative h-element\">\n                            <!---->\n                            <div class=\"h-heading__outer style-1341 style-local-168-c28\">\n                              <!---->\n                              <!---->\n                              <a href=\"https:\/\/www.facebook.com\/tiliapark\" h-use-smooth-scroll=\"true\">\n                                <h5 class=\"\"><span style=\"color: rgb(255, 255, 255); font-family: Montserrat;\">Facebook<\/span><\/h5>\n                              <\/a>\n                            <\/div>\n                          <\/div>\n                          <div data-colibri-id=\"168-c29\" class=\"h-text h-text-component style-1342 style-local-168-c29 position-relative h-element\">\n                            <!---->\n                            <!---->\n                            <div class=\"\">\n                              <p>Tilia Park<\/p>\n                            <\/div>\n                          <\/div>\n                        <\/div>\n                      <\/div>\n                    <\/div>\n                  <\/div>\n                <\/div>\n              <\/div>\n            <\/div>\n          <\/div>\n          <div class=\"h-column h-column-container d-flex h-col-lg-auto h-col-md-auto h-col-auto style-1345-outer style-local-168-c30-outer\">\n            <div data-colibri-id=\"168-c30\" class=\"d-flex h-flex-basis h-column__inner h-px-lg-2 h-px-md-2 h-px-2 v-inner-lg-2 v-inner-md-2 v-inner-2 style-1345 style-local-168-c30 position-relative\">\n              <!---->\n              <!---->\n              <div class=\"w-100 h-y-container h-column__content h-column__v-align flex-basis-100 align-self-lg-start align-self-md-start align-self-start\">\n                <!---->\n                <div data-colibri-id=\"168-c31\" class=\"h-map style-832 style-local-168-c31 position-relative h-element\" style=\"overflow: hidden;\">\n                  <!---->\n                  <iframe src=\"https:\/\/www.google.com\/maps\/embed\/v1\/place?q=Szigetszentmikl%C3%B3s&amp;zoom=11&amp;key=AIzaSyAYDl27Z8BlcmYIBHECBfwG2d5jiPZhdp8\" class=\"map-iframe\"><\/iframe>\n                <\/div>\n              <\/div>\n            <\/div>\n          <\/div>\n        <\/div>\n      <\/div>\n    <\/div>\n  <\/div>\n<\/div>","protected":false},"excerpt":{"rendered":"<p>L\u00e9pjen kapcsolatba Tev\u00e9kenys\u00e9geinket, elv\u00e9gzend\u0151 feladatokat orsz\u00e1gosan v\u00e9gz\u00fcnk \u00e9s v\u00e1llalunk. Amennyiben szem\u00e9lyesen szeretne tal\u00e1lkozni vel\u00fcnk azt Szigetszentmikl\u00f3son teheti meg. Keressen benn\u00fcnket az el\u00e9rhet\u0151s\u00e9geink valamelyik\u00e9n: Telefon +36 70 317 5433 Email info@tiliapark.com Facebook Tilia Park<\/p>\n","protected":false},"author":1,"featured_media":0,"parent":0,"menu_order":0,"comment_status":"closed","ping_status":"closed","template":"page-templates\/full-width-page.php","meta":{"footnotes":""},"_links":{"self":[{"href":"https:\/\/tiliapark.hu\/index.php?rest_route=\/wp\/v2\/pages\/168"}],"collection":[{"href":"https:\/\/tiliapark.hu\/index.php?rest_route=\/wp\/v2\/pages"}],"about":[{"href":"https:\/\/tiliapark.hu\/index.php?rest_route=\/wp\/v2\/types\/page"}],"author":[{"embeddable":true,"href":"https:\/\/tiliapark.hu\/index.php?rest_route=\/wp\/v2\/users\/1"}],"replies":[{"embeddable":true,"href":"https:\/\/tiliapark.hu\/index.php?rest_route=%2Fwp%2Fv2%2Fcomments&post=168"}],"version-history":[{"count":20,"href":"https:\/\/tiliapark.hu\/index.php?rest_route=\/wp\/v2\/pages\/168\/revisions"}],"predecessor-version":[{"id":3377,"href":"https:\/\/tiliapark.hu\/index.php?rest_route=\/wp\/v2\/pages\/168\/revisions\/3377"}],"wp:attachment":[{"href":"https:\/\/tiliapark.hu\/index.php?rest_route=%2Fwp%2Fv2%2Fmedia&parent=168"}],"curies":[{"name":"wp","href":"https:\/\/api.w.org\/{rel}","templated":true}]}}