{"id":359,"date":"2021-01-29T08:47:28","date_gmt":"2021-01-29T08:47:28","guid":{"rendered":"https:\/\/tiliapark.hu\/?page_id=359"},"modified":"2023-11-18T10:15:40","modified_gmt":"2023-11-18T10:15:40","slug":"parkfenntartas","status":"publish","type":"page","link":"https:\/\/tiliapark.hu\/?page_id=359","title":{"rendered":"Parkfenntart\u00e1s \u00e9s kertgondoz\u00e1s"},"content":{"rendered":"<div data-colibri-id=\"359-c1\" class=\"style-908 style-local-359-c1 position-relative\">\n  <!---->\n  <div data-colibri-component=\"section\" data-colibri-id=\"359-c16\" id=\"custom-2\" class=\"h-section h-section-global-spacing d-flex align-items-lg-center align-items-md-center align-items-center style-1253 style-local-359-c16 position-relative\">\n    <!---->\n    <!---->\n    <div class=\"h-section-grid-container h-section-boxed-container\">\n      <!---->\n      <div data-colibri-id=\"359-c17\" class=\"h-row-container gutters-row-lg-2 gutters-row-md-2 gutters-row-0 gutters-row-v-lg-2 gutters-row-v-md-2 gutters-row-v-2 style-1254 style-local-359-c17 position-relative\">\n        <!---->\n        <div class=\"h-row justify-content-lg-center justify-content-md-center justify-content-center align-items-lg-stretch align-items-md-stretch align-items-stretch gutters-col-lg-2 gutters-col-md-2 gutters-col-0 gutters-col-v-lg-2 gutters-col-v-md-2 gutters-col-v-2\">\n          <!---->\n          <div class=\"h-column h-column-container d-flex h-col-lg-auto h-col-md-auto h-col-auto style-1255-outer style-local-359-c18-outer\">\n            <div data-colibri-id=\"359-c18\" class=\"d-flex h-flex-basis h-column__inner h-px-lg-2 h-px-md-2 h-px-2 v-inner-lg-2 v-inner-md-2 v-inner-2 style-1255 style-local-359-c18 position-relative\">\n              <!---->\n              <!---->\n              <div class=\"w-100 h-y-container h-column__content h-column__v-align flex-basis-100 align-self-lg-start align-self-md-start align-self-start\">\n                <!---->\n                <div data-colibri-id=\"359-c19\" class=\"h-global-transition-all h-heading style-1256 style-local-359-c19 position-relative h-element\">\n                  <!---->\n                  <div class=\"h-heading__outer style-1256 style-local-359-c19\">\n                    <!---->\n                    <!---->\n                    <h1 class=\"\">Parkfenntart\u00e1s \u00e9s kertgondoz\u00e1s<\/h1>\n                  <\/div>\n                <\/div>\n              <\/div>\n            <\/div>\n          <\/div>\n        <\/div>\n      <\/div>\n    <\/div>\n  <\/div>\n  <div data-colibri-component=\"section\" data-colibri-id=\"359-c8\" id=\"custom\" class=\"h-section h-section-global-spacing d-flex align-items-lg-center align-items-md-center align-items-center style-1246 style-local-359-c8 position-relative\">\n    <div class=\"background-wrapper\">\n      <div class=\"background-layer background-layer-media-container-lg\">\n        <!---->\n        <div class=\"overlay-layer\">\n          <div class=\"overlay-image-layer\" style=\"background-color: rgb(0, 0, 0); opacity: 0.5;\"><\/div>\n        <\/div>\n      <\/div>\n      <div class=\"background-layer background-layer-media-container-md\">\n        <!---->\n        <div class=\"overlay-layer\">\n          <div class=\"overlay-image-layer\" style=\"background-color: rgb(0, 0, 0); opacity: 0.5;\"><\/div>\n        <\/div>\n      <\/div>\n      <div class=\"background-layer background-layer-media-container\">\n        <!---->\n        <div class=\"overlay-layer\">\n          <div class=\"overlay-image-layer\" style=\"background-color: rgb(0, 0, 0); opacity: 0.5;\"><\/div>\n        <\/div>\n      <\/div>\n    <\/div>\n    <!---->\n    <div class=\"h-section-grid-container h-section-boxed-container\">\n      <!---->\n      <div data-colibri-id=\"359-c9\" class=\"h-row-container gutters-row-lg-2 gutters-row-md-2 gutters-row-0 gutters-row-v-lg-2 gutters-row-v-md-2 gutters-row-v-2 style-1247 style-local-359-c9 position-relative\">\n        <!---->\n        <div class=\"h-row justify-content-lg-center justify-content-md-center justify-content-center align-items-lg-stretch align-items-md-stretch align-items-stretch gutters-col-lg-2 gutters-col-md-2 gutters-col-0 gutters-col-v-lg-2 gutters-col-v-md-2 gutters-col-v-2\">\n          <!---->\n          <div class=\"h-column h-column-container d-flex h-col-lg-auto h-col-md-auto h-col-auto style-1248-outer style-local-359-c10-outer\">\n            <div data-colibri-id=\"359-c10\" class=\"d-flex h-flex-basis h-column__inner h-px-lg-2 h-px-md-2 h-px-2 v-inner-lg-2 v-inner-md-2 v-inner-2 style-1248 style-local-359-c10 position-relative\">\n              <!---->\n              <!---->\n              <div class=\"w-100 h-y-container h-column__content h-column__v-align flex-basis-100 align-self-lg-start align-self-md-start align-self-start\">\n                <!---->\n                <div data-colibri-id=\"359-c15\" class=\"h-global-transition-all h-heading style-1252 style-local-359-c15 position-relative h-element\">\n                  <!---->\n                  <div class=\"h-heading__outer style-1252 style-local-359-c15\">\n                    <!---->\n                    <!---->\n                    <h4 class=\"\">Professzion\u00e1lis g\u00e9pparkunkkal, v\u00e1llaljuk ipari parkok fenntart\u00e1s\u00e1t, gondoz\u00e1s\u00e1t, a legkisebbt\u0151l a legnagyobbig. Pillanatnyilag havonta t\u00f6bb hekt\u00e1ron gondozzuk \u00e1ruh\u00e1zak \u00e9s logisztikai parkok z\u00f6ldfel\u00fcleteit.\n                      <br>\n                      <br>Csal\u00e1di h\u00e1zak kertjeiben is rendszeres gondoz\u00e1st v\u00e1llalunk \u00e9s hajtunk v\u00e9gre.\n                      <br>\n                      <br>Legyen sz\u00f3 f\u0171ny\u00edr\u00e1sr\u00f3l, d\u00edszf\u00e1k, cserj\u00e9k \u00fcltet\u00e9s\u00e9r\u0151l, gondoz\u00e1s\u00e1r\u00f3l vagy metsz\u00e9s\u00e9r\u0151l, \u00e1llunk \u00fcgyfeleink rendelkez\u00e9s\u00e9re.<\/h4>\n                  <\/div>\n                <\/div>\n              <\/div>\n            <\/div>\n          <\/div>\n        <\/div>\n      <\/div>\n      <div data-colibri-id=\"359-c26\" class=\"h-row-container gutters-row-lg-2 gutters-row-md-2 gutters-row-0 gutters-row-v-lg-2 gutters-row-v-md-2 gutters-row-v-2 style-1263 style-local-359-c26 position-relative\">\n        <!---->\n        <div class=\"h-row justify-content-lg-center justify-content-md-center justify-content-center align-items-lg-stretch align-items-md-stretch align-items-stretch gutters-col-lg-2 gutters-col-md-2 gutters-col-0 gutters-col-v-lg-2 gutters-col-v-md-2 gutters-col-v-2\">\n          <!---->\n          <div class=\"h-column h-column-container d-flex h-col-lg-auto h-col-md-auto h-col-auto style-1264-outer style-local-359-c27-outer\">\n            <div data-colibri-id=\"359-c27\" class=\"d-flex h-flex-basis h-column__inner h-px-lg-2 h-px-md-2 h-px-2 v-inner-lg-2 v-inner-md-2 v-inner-2 style-1264 style-local-359-c27 position-relative\">\n              <!---->\n              <!---->\n              <div class=\"w-100 h-y-container h-column__content h-column__v-align flex-basis-100 align-self-lg-start align-self-md-start align-self-start\">\n                <!---->\n                <div data-colibri-id=\"359-c28\" class=\"h-x-container style-1265 style-local-359-c28 position-relative h-element\">\n                  <!---->\n                  <div class=\"h-x-container-inner style-dynamic-359-c28-group style-1265-spacing style-local-359-c28-spacing\"><span class=\"h-button__outer style-1266-outer style-local-359-c29-outer d-inline-flex h-element\"><a h-use-smooth-scroll=\"true\" href=\"https:\/\/tiliapark.hu\/?page_id=168\"  data-colibri-id=\"359-c29\" class=\"d-flex w-100 align-items-center h-button justify-content-lg-center justify-content-md-center justify-content-center style-1266 style-local-359-c29 position-relative\"><!----><!----> <span>kapcsolat<\/span><\/a>\n                    <\/span>\n                  <\/div>\n                <\/div>\n              <\/div>\n            <\/div>\n          <\/div>\n        <\/div>\n      <\/div>\n    <\/div>\n  <\/div>\n<\/div>","protected":false},"excerpt":{"rendered":"<p>Parkfenntart\u00e1s \u00e9s kertgondoz\u00e1s Professzion\u00e1lis g\u00e9pparkunkkal, v\u00e1llaljuk ipari parkok fenntart\u00e1s\u00e1t, gondoz\u00e1s\u00e1t, a legkisebbt\u0151l a legnagyobbig. Pillanatnyilag havonta t\u00f6bb hekt\u00e1ron gondozzuk \u00e1ruh\u00e1zak \u00e9s logisztikai parkok z\u00f6ldfel\u00fcleteit. Csal\u00e1di h\u00e1zak kertjeiben is rendszeres gondoz\u00e1st v\u00e1llalunk \u00e9s hajtunk v\u00e9gre. Legyen sz\u00f3 f\u0171ny\u00edr\u00e1sr\u00f3l, d\u00edszf\u00e1k, cserj\u00e9k \u00fcltet\u00e9s\u00e9r\u0151l, gondoz\u00e1s\u00e1r\u00f3l vagy metsz\u00e9s\u00e9r\u0151l, \u00e1llunk \u00fcgyfeleink rendelkez\u00e9s\u00e9re. kapcsolat<\/p>\n","protected":false},"author":1,"featured_media":0,"parent":0,"menu_order":0,"comment_status":"closed","ping_status":"closed","template":"page-templates\/full-width-page.php","meta":{"footnotes":""},"_links":{"self":[{"href":"https:\/\/tiliapark.hu\/index.php?rest_route=\/wp\/v2\/pages\/359"}],"collection":[{"href":"https:\/\/tiliapark.hu\/index.php?rest_route=\/wp\/v2\/pages"}],"about":[{"href":"https:\/\/tiliapark.hu\/index.php?rest_route=\/wp\/v2\/types\/page"}],"author":[{"embeddable":true,"href":"https:\/\/tiliapark.hu\/index.php?rest_route=\/wp\/v2\/users\/1"}],"replies":[{"embeddable":true,"href":"https:\/\/tiliapark.hu\/index.php?rest_route=%2Fwp%2Fv2%2Fcomments&post=359"}],"version-history":[{"count":15,"href":"https:\/\/tiliapark.hu\/index.php?rest_route=\/wp\/v2\/pages\/359\/revisions"}],"predecessor-version":[{"id":3225,"href":"https:\/\/tiliapark.hu\/index.php?rest_route=\/wp\/v2\/pages\/359\/revisions\/3225"}],"wp:attachment":[{"href":"https:\/\/tiliapark.hu\/index.php?rest_route=%2Fwp%2Fv2%2Fmedia&parent=359"}],"curies":[{"name":"wp","href":"https:\/\/api.w.org\/{rel}","templated":true}]}}